umber?
True
Let c(h) = 213*h**2 - 3*h - 5. Let y(x) = x**2 + 10*x - 13. Let k be y(-11). Is c(k) a composite number?
False
Let h be (30/9)/(4/186). Let y = h + -62. Is ((-40)/12 - -4)*y prime?
False
Let m(s) = -7*s**2 + 8*s - 2. Let g(d) = 6*d**2 - 7*d + 1. Let z(v) = -3*g(v) - 4*m(v). Is z(8) prime?
True
Let h = -33 + 67. Let s = -28 + h. Is 490/s - 5/(-15) a composite number?
True
Let b(g) = -g. Let p(k) = 311*k. Let c(l) = 4*b(l) + p(l). Is c(5) a composite number?
True
Let a = 276 + -1220. Let k = a - -1449. Is k composite?
True
Suppose -i = 4*w + 64, 3*i + 0*w + 232 = -2*w. Let q be i/24*(-12)/5. Suppose -q*m + 10*m = 356. Is m a prime number?
False
Suppose 15*o - 13*o - 33 = 5*z, -o = 1. Is (-3768)/(-9) + z/(-21) prime?
True
Let b(m) be the first derivative of -43*m**2/2 + 6*m - 14. Is b(-5) prime?
False
Suppose 3*y = 5*x - 45253 - 577, -3*x = -2*y - 27497. Is x composite?
True
Suppose -6*q = -5*q - 88. Suppose -q = -2*n - 20. Is n composite?
True
Let b = 40 - 25. Let y = b - 22. Let v(h) = -h**3 - 5*h**2 + 4*h + 9. Is v(y) a prime number?
True
Suppose 4*t = -2*y + 3693 + 2873, -3*y - t + 9874 = 0. Is y a composite number?
True
Suppose 3*m = -m + 524. Let v = m + 278. Is v prime?
True
Let d(a) = 38*a + 36. Let h be d(11). Let n = 805 + h. Is n a prime number?
True
Let k(d) = d**3 - 23*d**2 + 23. Is k(28) prime?
True
Let p = -19 - -24. Suppose 2*d - 3*w = 326, -2*d + 294 = -0*d + p*w. Is d a prime number?
True
Let t(r) = -38 - 29 + 15 + 21*r - 9. Is t(18) prime?
True
Suppose 0*i + 220 = -4*i. Let g = i - -216. Is g a composite number?
True
Let b(j) = 328*j + 79. Is b(1) composite?
True
Suppose 0 = -4*b + 5*v - 3990, 0*b + b = -4*v - 1008. Let k = b + 1789. Suppose 0 = -3*j - 0*j + k. Is j a prime number?
True
Suppose -3*b - 4*w + 14 = 0, 5*b + 2*w - 8 = 3*b. Let m be -7 + (b - 1/(-1)). Is (9 + m)/((-2)/(-22)) prime?
False
Let a be ((-3 + -2)*(-8199)/5)/1. Suppose 11*q - 66004 = -a. Is q a prime number?
False
Let q(j) = 148*j**2 - 10*j - 11. Let x be q(6). Suppose -7*w = -0*w - x. Is w composite?
False
Let o(a) = 1718*a**2 - 20*a - 59. Is o(-4) a composite number?
False
Let o = -25 + 32. Let v be (-120)/(-1) + 7/o. Let b = -66 + v. Is b a composite number?
True
Suppose -6*f = -2*f, -4*o = 2*f - 12. Suppose -647 = -o*q + 346. Is q a composite number?
False
Let w(h) = 209*h**2 + 23*h + 23. Let r be w(-16). Suppose 6*x = -11*x + r. Is x composite?
True
Suppose -49*d + 46*d = -14163. Is d prime?
True
Let t = 35109 - 21818. Is t composite?
False
Let d be -10 + (0 - 0) - (11 + -11). Let p(g) = 5*g**2 + 9*g - 1. Is p(d) composite?
False
Suppose 135690 = 4*l - 29834. Is l a composite number?
False
Let l(w) = -w**2 - 4*w + 6. Let u be l(-5). Let o be (-1*0/3)/u. Suppose 5*x - 2*k - k = 5299, o = 5*k - 10. Is x a composite number?
False
Suppose -n - 7 + 9 = 0. Suppose 25 = 3*d + n*d. Suppose -d*g + 3*w = -0*g - 347, -3*g + 217 = -4*w. Is g composite?
False
Let i = 1393 + -2038. Let z be (0 - -6)*678/(-18). Let h = z - i. Is h prime?
True
Let k(i) = -2*i**3 + 43*i**2 - 25*i + 9. Is k(20) a prime number?
True
Suppose -m - 27 = -10*m. Suppose 3240 = 3*o - 3*y, y + 0 = -m. Is o a composite number?
True
Let m(a) = -2*a**2 + 3*a - 8. Let t = -39 - -25. Let y be m(t). Is (2*(4 - y))/2 a composite number?
True
Suppose 0 = -5*z - 4*w + 36779, 9*z + 3*w = 12*z - 22062. Is z composite?
True
Let n be ((-15)/5 - -1) + 2709. Let b = n + -1766. Is b a prime number?
True
Suppose c = -0*m - m - 274, 1088 = -4*c - 2*m. Let n = c + 80. Let o = n - -267. Is o composite?
True
Suppose 3*x + g = 25024, -112 + 107 = -5*g. Is x composite?
True
Suppose -p - 3 = -0*p + 3*x, -4*p + x + 27 = 0. Suppose -p*b + 3490 = 244. Is b a prime number?
True
Let a(h) = -h**3 - 11*h**2 + h + 13. Let u be a(-11). Suppose 7*r - u*y = 2*r + 711, 276 = 2*r + 2*y. Is r a composite number?
True
Let y(p) = -2*p**3 - 4*p**2 - 4*p - 9. Let j be y(10). Let n = j - -3860. Is n prime?
False
Let l(t) = 457*t**3 - 4*t**2 - t + 19. Is l(4) prime?
False
Let r(w) = -398*w - 1. Let v be r(-6). Let x = -1236 + v. Is x composite?
False
Suppose -8*q + 148136 = -0*q. Is q a composite number?
False
Let q(a) = a**3 + 2*a**2 - 11*a + 3. Let f be q(13). Suppose -12058 = -3*t - f. Is t composite?
False
Suppose 0 = 4*d - 5*c - 9328, -6*c + 9292 = 4*d - 2*c. Is d a prime number?
False
Let l be (-93)/(-7) - 2/7. Suppose -20*c + 20531 = -l*c. Is c prime?
False
Let b(f) = 16*f**2 - 2*f - 9. Suppose 22*r - 21*r + 11 = 0. Is b(r) prime?
True
Let f(j) = 14*j**2 - 6*j - 12. Let y be f(-5). Suppose 5*h + 6 - 16 = 0. Suppose w + 4*t + y = 5*w, h*t + 281 = 3*w. Is w prime?
True
Let y = 17 - 23. Is 2*(-2842)/y - 4/12 a prime number?
True
Let m be -2 + 0 + 6 - 2*1. Let s(r) = 25*r**3 - 2*r**2 + 2. Is s(m) a prime number?
False
Suppose 157381 = -10*n + 690611. Is n prime?
True
Suppose 0 = -28*j + 31*j - 2*c - 26773, -3*c + 17840 = 2*j. Is j a prime number?
True
Let q(f) be the third derivative of 301*f**4/24 + 10*f**2. Let b be q(3). Let m = b + -234. Is m a composite number?
True
Let r be (-3 - -5)*13/2. Is (25/1)/5*r composite?
True
Let c(f) = -229*f + 428. Is c(-17) a prime number?
False
Let c(y) = y**2 + 4*y - 17. Let u be c(-7). Suppose -u*o + 724 = -0*o + 4*q, 0 = -3*q. Is o composite?
False
Suppose -3*o = z + 3, 4*z = -0*z + 5*o + 39. Let d(g) = -5*g**3 - g + 3. Let v be d(z). Let p = -736 - v. Is p composite?
False
Suppose -2*l = -380 - 728. Is l composite?
True
Let u(m) = 7*m**3 - 6*m**2 - 14*m - 4. Let h(l) = 7*l**2 + 3*l + 3. Let f be h(-1). Is u(f) a composite number?
True
Let g(v) = 9*v - 1. Let q be g(1). Let y be ((-4)/q)/((-2)/956). Let w = y + -56. Is w prime?
False
Let t = -17 + 19. Suppose 3*h = s, 24 - 2 = -3*s - t*h. Is -1082*(1 - s/(-4)) composite?
False
Suppose 4*y - 136 = 208. Suppose k + 6 - y = 0. Suppose -2*u + 12 + k = 0. Is u composite?
True
Suppose -5 - 5 = -2*g. Suppose n = -3*o - 13 + 2, -g*n - 11 = 4*o. Is (-143)/(-2)*(-2 - o) composite?
True
Let s(l) = -2*l**3 - 5*l**2 - l + 3. Let u be s(-3). Let g = 18 - u. Suppose -v - g*w + 214 - 8 = 0, -2*w + 2 = 0. Is v a composite number?
True
Let n = -2 - 6. Let v(d) = -5*d**2 + 13*d + 3. Let a(s) = 10*s**2 - 27*s - 5. Let q(z) = -2*a(z) - 5*v(z). Is q(n) prime?
False
Let s = -11 - -13. Suppose -546 = -5*h - 3*o, -2*o - 84 = s*h - 300. Is h prime?
False
Let h = 64 - 13. Is h a prime number?
False
Let b be 2/(-12) - (-895)/(-30). Let l be (-24)/b*5/2. Suppose l = -d + 9. Is d composite?
False
Let z(t) = -t**3 - 19*t**2 - 18*t + 11. Let u be z(-18). Is u/(-33) - (-12460)/3 prime?
True
Let k = 45 + -42. Suppose 3*m = 2*i - 980, 4*i + 2*m = k*m + 1950. Is i a prime number?
True
Suppose -g - 68 = 3*g + 4*u, 5*g - 2*u = -64. Is (-951)/2*g/21 a prime number?
True
Suppose -226220 = 12*z - 32*z. Is z a composite number?
False
Is (-7820340)/(-308) + (-1)/((-28)/8) composite?
False
Suppose -4*h = -6*h + 4. Suppose h*s - 5054 = -700. Is s a prime number?
False
Let h(v) = 9*v + 2. Let x be h(7). Suppose 0 = 3*w - 34 - x. Let c = w - -34. Is c composite?
False
Suppose -4*w = 8*w - 10236. Is w a prime number?
True
Suppose 184 = t - 273. Let x = -262 + t. Let f = 112 + x. Is f a prime number?
True
Let c be 0 + 0 - (2 - 5). Is c - (0 + -2388) - (3 - 5) a composite number?
False
Let l = -7 - -12. Suppose 33 = l*o - 4*h, 0*o + 4*o = 4*h + 24. Let d(u) = 11*u**2 - 2*u - 8. Is d(o) prime?
False
Let i = 20 + -34. Let p(w) = -w**3 + 7*w**2 + 2*w - 27. Let o be p(6). Let t = o + i. Is t a prime number?
True
Let v(z) = z**2 - 3*z - 7. Let g be v(5). Suppose 0 = -n + 4*w + 23, -4*n + 7*w - g*w + 32 = 0. Is -631*(1 + -5 + n) prime?
True
Is (-152390 + (12 - 20))/(-2) prime?
False
Suppose -4*j - 111 = 3*v, 0*v + 3 = v. Is (-7632)/j - (-4)/(-10) composite?
True
Let x = 317148 + -144419. Is x a composite number?
True
Suppose -4*r + 2*r + 746 = -q, 3*r = -3*q + 1119. Is r a composite number?
False
Let l(i) = 6*i**2 - 12*i + 41. Is l(10) composite?
False
Suppose 0 = 2*f - 8*f. Suppose -k = 5*l + k - 31, f = 2*l - 4*k + 2. Suppose l*t + 1280 = 5*x, 4*x - 719 = t + 308. Is x prime?
True
Suppose -4*d = -0*d - 3*t - 15, -t + 5 = 2*d. Suppose -a = -d*a. Suppose w - z - 629 = a, 0*w - 3149 = -5*w + 3*z. Is w composite?
False
Let g(o) = -8 - 2*o**2 - o**3 + 4 - 6*o**2 + 0*o**2 - 7*o. Let j b